t u(z) = -2*z - 48. Give u(-12).
-24
Let i(v) = 4*v + 6. What is i(10)?
46
Let s(t) = -4*t + 24. Determine s(4).
8
Let y(h) = -4*h**2 - 10*h + 22. Give y(-5).
-28
Let p(z) = z**2 - 5. Give p(-4).
11
Let v(i) = -i**3 + 7*i**2 - 3*i - 7. What is v(6)?
11
Let k(w) = w**3 + 11*w**2 + 3*w + 40. Determine k(-11).
7
Let x(q) = -3*q**2 - 77*q + 24. What is x(-26)?
-2
Let n(p) = -p**2 - 17*p - 15. What is n(-15)?
15
Let h(i) = 38*i**2 - 4*i + 5. What is h(1)?
39
Let g(k) = k**2 - 3*k - 1. Give g(3).
-1
Let o(i) = i**3 + 2*i**2 - 5*i - 8. Calculate o(-4).
-20
Let f(k) = -k**3 + 6*k**2 + 15. What is f(7)?
-34
Let w(c) = -5*c**2 - 31*c - 48. Give w(-2).
-6
Let o(x) = x**2 - 13*x + 12. Calculate o(12).
0
Let w(n) = -7*n**3 + 3*n**2 + n - 1. Calculate w(-1).
8
Let d(o) = 2*o**2 + 2*o - 9. Calculate d(-4).
15
Let t(x) = 11*x - 160. Give t(19).
49
Let t(r) = -r**3 - 38*r**2 - 70*r + 63. Determine t(-36).
-9
Let d(x) = x**3 - 7*x**2 - 7*x - 5. Calculate d(8).
3
Let w(a) = 125*a + 381. Determine w(-3).
6
Let s(h) = -7*h - 19. What is s(-1)?
-12
Let u(r) = r**3 - 6*r**2 - 2*r + 7. Give u(6).
-5
Let y(u) = -u**3 - 20*u**2 - u + 29. Determine y(-20).
49
Let x(z) = 2*z + 11. Calculate x(-3).
5
Let z(v) = -v**2 - 13*v - 29. Give z(-9).
7
Let o(m) = m**2 + m + 1. Give o(-3).
7
Let b(r) = -r**3 - 10*r**2 - 10*r - 4. Determine b(-9).
5
Let v(f) = -f**3 - 2*f + 5. Calculate v(-4).
77
Let s(c) = c**3 + 10*c**2 + 14*c - 14. What is s(-8)?
2
Let u(y) = -y**2 + 33*y - 12. Determine u(33).
-12
Let u(v) = v - 27. What is u(12)?
-15
Let y(t) = 3*t + 11. Determine y(-8).
-13
Let m(o) = 2*o**2 + 5*o + 4. Calculate m(-3).
7
Let j(x) = -9*x + 127. Calculate j(15).
-8
Let z(a) = -332*a - 665. Calculate z(-2).
-1
Let a(b) = b**2 + 62*b + 235. Calculate a(-4).
3
Let r(m) = m**3 + 12*m**2 - 26*m + 15. Calculate r(-14).
-13
Let t(k) = -k**2 + 14*k + 36. Determine t(16).
4
Let w(r) = r**3 - 5*r**2 - 12. Calculate w(5).
-12
Let m(d) = -d**3 + 9*d**2 - 10*d - 2. Determine m(7).
26
Let x(k) = -3*k + 46. Calculate x(21).
-17
Let p(q) = -q**2 - 25*q + 64. Determine p(-27).
10
Let g(v) = -v**2 + 3*v + 43. What is g(8)?
3
Let q(u) = u**2 - 6*u - 1. Give q(5).
-6
Let f(i) = 37*i + 123. Calculate f(-3).
12
Let k(u) = -u**2 + 9*u - 5. Give k(6).
13
Let l(x) = -4*x**2 - 6*x - 11. What is l(-3)?
-29
Let q(c) = -2*c**3 - 2*c**2 + 3*c - 2. Calculate q(2).
-20
Let x(h) = h - 3. Determine x(1).
-2
Let y(u) = -u**2 - 7*u - 12. What is y(-5)?
-2
Let w(a) = -12*a + 50. Give w(4).
2
Let x(p) = -p**3 + 16*p**2 - 17*p - 4. Calculate x(15).
-34
Let q(f) = 5*f - 7. Calculate q(-6).
-37
Let o(m) = m**3 + 6*m**2 - m - 4. Calculate o(-6).
2
Let w(c) = 23*c**2 - 2*c + 1. What is w(1)?
22
Let o(m) = 10*m - 21. What is o(1)?
-11
Let b(c) = c**3 + c**2 + 4*c + 3. Calculate b(-2).
-9
Let w(i) = i**2 - 16*i + 42. Calculate w(14).
14
Let u(b) = 4*b**3 - 2*b**2 - 4*b - 6. Determine u(-2).
-38
Let b(s) = s**2 + 12*s - 8. Give b(-13).
5
Let h(o) = -23*o + 839. Calculate h(37).
-12
Let r(d) = d**3 - 12*d**2 + 11*d + 4. Determine r(11).
4
Let m(w) = -w**3 + 21*w**2 - 2*w + 41. Calculate m(21).
-1
Let a(i) = -i**3 - 43*i**2 + 39*i - 223. Determine a(-44).
-3
Let s(i) = i - 9. What is s(8)?
-1
Let h(b) = b**2 - 28*b - 32. Give h(29).
-3
Let g(o) = o**2 + 17*o - 19. Calculate g(-18).
-1
Let k(r) = r**2 + 21*r - 52. Calculate k(-23).
-6
Let z(v) = -v + 9. What is z(14)?
-5
Let q(r) = -r**2 - 13*r - 11. What is q(-11)?
11
Let a(w) = -w**2 - 23*w - 35. Determine a(-21).
7
Let u(j) = 2*j**2 - 55*j - 25. What is u(28)?
3
Let w(n) = 9*n**3 + 3*n + 2. Give w(-1).
-10
Let s(g) = g**2 - 9*g - 1. Give s(13).
51
Let t(v) = -3*v - 27. Determine t(-13).
12
Let b(r) = -r**2 - 2*r + 1. Give b(1).
-2
Let q(c) = c**3 + 13*c**2 - 23*c - 22. What is q(-15)?
-127
Let b(j) = j**3 + 13*j**2 + 15*j + 19. Give b(-12).
-17
Let k(l) = 18*l - 171. Determine k(10).
9
Let f(t) = 3*t**2 - 18*t + 5. Calculate f(6).
5
Let c(p) = 8*p + 84. What is c(-9)?
12
Let y(u) = u**2 - 8*u + 36. What is y(3)?
21
Let z(a) = 3*a + 2. What is z(-5)?
-13
Let y(p) = p**3 - 9*p**2 + p - 18. Determine y(9).
-9
Let f(z) = z**3 - z**2 - 15*z - 22. Determine f(-4).
-42
Let h(b) = -23*b + 206. Calculate h(9).
-1
Let b(o) = -o**3 - 12*o**2 - 4*o + 3. What is b(-8)?
-221
Let v(u) = -2*u**2 + 13*u + 93. Calculate v(11).
-6
Let a(t) = 17*t - 334. Calculate a(20).
6
Let t(k) = k**3 - 5*k**2 - k - 3. Calculate t(5).
-8
Let r(p) = -12*p - 7. Calculate r(-8).
89
Let g(s) = -s**2 - 19*s - 3. Give g(-20).
-23
Let j(r) = -r**3 - 23*r**2 + 22*r - 33. Give j(-24).
15
Let u(f) = f**3 - 3*f**2 + 4*f - 7. Give u(2).
-3
Let t(y) = -y**2 - 20. Calculate t(0).
-20
Let x(d) = -d**2 + 12*d - 6. Determine x(11).
5
Let q(c) = 5*c**2 + 11*c + 4. Determine q(-4).
40
Let d(v) = -3*v - 3. Give d(-2).
3
Let a(p) = p**3 + 28*p**2 - p - 36. Give a(-28).
-8
Let s(h) = 6*h + 34. Calculate s(-6).
-2
Let j(c) = -c**3 - 14*c**2 - 15*c - 39. Give j(-13).
-13
Let b(s) = -s**3 - 7*s**2 + 2*s + 18. Determine b(-7).
4
Let u(k) = -k**2 - 11*k - 12. Give u(-4).
16
Let b(j) = -5*j**2 + j + 1. Determine b(2).
-17
Let f(t) = -9*t. Give f(-2).
18
Let w(f) = 4*f - 61. Give w(15).
-1
Let t(n) = n**3 + 8*n**2 + 5*n - 15. Calculate t(-6).
27
Let q(a) = -a**3 + 10*a**2 - 15*a - 4. Give q(8).
4
Let s(r) = 13*r + 52. Calculate s(-4).
0
Let w(m) = -3*m + 16. Give w(9).
-11
Let n(g) = 38*g**3 - g. Give n(1).
37
Let u(r) = -r**2 + 9*r + 11. What is u(6)?
29
Let m(j) = -j**2 - 16*j + 21. What is m(-16)?
21
Let g(x) = -14*x + 130. Calculate g(8).
18
Let x(r) = 2*r - 3. Give x(-16).
-35
Let y(x) = 2*x**2 + 47*x - 1. Calculate y(-24).
23
Let c(r) = -3*r - 2. Determine c(6).
-20
Let v(b) = -b - 33. Calculate v(19).
-52
Let t(f) = 38*f - 226. What is t(6)?
2
Let j(t) = -6*t**2 + 36*t. Calculate j(6).
0
Let x(w) = w**3 - 32*w**2 - 65*w - 102. Give x(34).
0
Let g(n) = -n**3 + 6*n**2 + 10. What is g(7)?
-39
Let o(d) = -d**3 + 3*d**2 + 4*d. Calculate o(4).
0
Let b(w) = -15*w + 1. Give b(3).
-44
Let x(t) = t**2 - 6*t + 9. Give x(6).
9
Let l(c) = c + 36. Give l(-31).
5
Let r(s) = -7*s + 9. Give r(4).
-19
Let w(i) = 10*i**2 - 9*i - 10. Calculate w(5).
195
Let i(u) = -u**2 + 9*u + 13. Determine i(11).
-9
Let f(z) = -6*z + 53. Calculate f(10).
-7
Let w(n) = n + 13. Determine w(-12).
1
Let o(a) = -10*a**3 - a**2 + 2*a + 2. What is o(-1)?
9
Let s(n) = -21*n - 46. Calculate s(-3).
17
Let g(w) = 2*w**2 - 6*w - 4. What is g(5)?
16
Let u(r) = r**2 + 2*r - 21. What is u(0)?
-21
Let p(g) = -3*g**2 + 4*g. Calculate p(2).
-4
Let n(z) = z**2 - 3*z - 5. Calculate n(3).
-5
Let k(r) = r**3 + 13*r**2 - 8. Give k(-13).
-8
Let x(y) = y**3 - 15*y**2 + 18*y - 45. Give x(14).
11
Let y(k) = -18*k - 154. What is y(-8)?
-10
Let u(b) = -4*b**3 - 42*b**2 - 26*b - 62. What is u(-10)?
-2
Let c(l) = 5*l + 26. Calculate c(-10).
-24
Let z(n) = -5*n**3 + 2*n - 11. Calculate z(-3).
118
Let s(q) = -5*q**3 + 45*q**2 + 3*q - 29. Determine s(9).
-2
Let f(j) = j**3 - 17*j**2 + 29*j + 12. What is f(15)?
-3
Let n(z) = -19*z + 50. Determine n(4).
-26
Let m(v) = v**2 + 9*v - 29. Give m(-12).
7
Let d(l) = 12*l - 7. Calculate d(-4).
-55
Let v(i) = -2*i**2 - 4*i. Give v(-4).
-16
Let x(c) = 25*c - 95. Give x(4).
5
Let i(c) = -3*c**3 - 3*c**2 - 9*c - 14. Determine i(-2).
16
Let r(q) = -q**3 - 15*q**2 - 49*q - 6. Determine r(-5).
-11
Let a(o) = -10*o - 5. Give a(-1).
5
Let c(i) = -i**3 - 8*i**2 - 9*i + 6. What is c(-6)?
-12
Let u(h) = -17*h**2 - 1. What is u(-1)?
-18
Let y(n) = 137*n - 825. What is y(6)?
-3
Let q(h) = 28*h + 225. Give q(-8).
1
Let d(i) = 2*i**2 + 5*i + 4. What is d(-1)?
1
Let m(i) = -11*i + 39. Determine m(9).
-60
Let g(i) = 27*i + 776. What is g(-29)?
-7
Let c(g) = 5*g - 8. Determine c(-6).
-38
Let c(a) = -2*a**3 + 15*a**2 - 13*a + 2. Determine c(8).
-166
Let v(f) = f**3 + 9*f**2 - 10*f + 7. What is v(-10)?
7
Let b(y) = -2*y**2 - 3*y + 5. Determine b(-6).
-49
Let u(n) = -n**3 + 6*n**2 + 2*n - 9. Determine u(6).
3
Let r(c) = -c**3 + 4*c**2 + 7*c + 3. Determine r(6).
-27
Let w(v) = v**2 + v - 19. What is w(0)?
-19
Let f(c) = -c**2 - 16*c - 2. Give f(-17).
-19
Let v(r) = r**3 + 4*r**2 + 9*r - 13. Calculate v(-6).
-139
Let u(y) = -y**3 - 1. Determine u(-3).
26
Let d(p) = -p**3 - 5*p**2. Determine d(-3).
-18
Let s(a) = a**3 - 33*a**2 - a + 27. Calculate s(33).
-6
Let n(f) = -f**3